{"id":25,"date":"2023-07-06T12:25:32","date_gmt":"2023-07-06T11:25:32","guid":{"rendered":"https:\/\/dev-hvvh.net\/?page_id=25"},"modified":"2023-08-09T21:44:59","modified_gmt":"2023-08-09T19:44:59","slug":"hjemmeside","status":"publish","type":"page","link":"https:\/\/dev-hvvh.net\/","title":{"rendered":"Hjemmeside"},"content":{"rendered":"\t\t<div data-elementor-type=\"wp-page\" data-elementor-id=\"25\" class=\"elementor elementor-25\">\n\t\t\t\t<div class=\"elementor-element elementor-element-76fc622 e-flex e-con-boxed e-con e-parent\" data-id=\"76fc622\" data-element_type=\"container\" data-settings=\"{&quot;background_background&quot;:&quot;classic&quot;,&quot;shape_divider_top&quot;:&quot;mountains&quot;}\">\n\t\t\t\t\t<div class=\"e-con-inner\">\n\t\t\t\t<div class=\"elementor-shape elementor-shape-top\" data-negative=\"false\">\n\t\t\t<svg xmlns=\"http:\/\/www.w3.org\/2000\/svg\" viewBox=\"0 0 1000 100\" preserveAspectRatio=\"none\">\n\t<path class=\"elementor-shape-fill\" opacity=\"0.33\" d=\"M473,67.3c-203.9,88.3-263.1-34-320.3,0C66,119.1,0,59.7,0,59.7V0h1000v59.7 c0,0-62.1,26.1-94.9,29.3c-32.8,3.3-62.8-12.3-75.8-22.1C806,49.6,745.3,8.7,694.9,4.7S492.4,59,473,67.3z\"\/>\n\t<path class=\"elementor-shape-fill\" opacity=\"0.66\" d=\"M734,67.3c-45.5,0-77.2-23.2-129.1-39.1c-28.6-8.7-150.3-10.1-254,39.1 s-91.7-34.4-149.2,0C115.7,118.3,0,39.8,0,39.8V0h1000v36.5c0,0-28.2-18.5-92.1-18.5C810.2,18.1,775.7,67.3,734,67.3z\"\/>\n\t<path class=\"elementor-shape-fill\" d=\"M766.1,28.9c-200-57.5-266,65.5-395.1,19.5C242,1.8,242,5.4,184.8,20.6C128,35.8,132.3,44.9,89.9,52.5C28.6,63.7,0,0,0,0 h1000c0,0-9.9,40.9-83.6,48.1S829.6,47,766.1,28.9z\"\/>\n<\/svg>\t\t<\/div>\n\t\t\t\t<div class=\"elementor-element elementor-element-384830c elementor-widget elementor-widget-spacer\" data-id=\"384830c\" data-element_type=\"widget\" data-widget_type=\"spacer.default\">\n\t\t\t\t<div class=\"elementor-widget-container\">\n\t\t\t<style>\/*! elementor - v3.23.0 - 05-08-2024 *\/\n.elementor-column .elementor-spacer-inner{height:var(--spacer-size)}.e-con{--container-widget-width:100%}.e-con-inner>.elementor-widget-spacer,.e-con>.elementor-widget-spacer{width:var(--container-widget-width,var(--spacer-size));--align-self:var(--container-widget-align-self,initial);--flex-shrink:0}.e-con-inner>.elementor-widget-spacer>.elementor-widget-container,.e-con>.elementor-widget-spacer>.elementor-widget-container{height:100%;width:100%}.e-con-inner>.elementor-widget-spacer>.elementor-widget-container>.elementor-spacer,.e-con>.elementor-widget-spacer>.elementor-widget-container>.elementor-spacer{height:100%}.e-con-inner>.elementor-widget-spacer>.elementor-widget-container>.elementor-spacer>.elementor-spacer-inner,.e-con>.elementor-widget-spacer>.elementor-widget-container>.elementor-spacer>.elementor-spacer-inner{height:var(--container-widget-height,var(--spacer-size))}.e-con-inner>.elementor-widget-spacer.elementor-widget-empty,.e-con>.elementor-widget-spacer.elementor-widget-empty{position:relative;min-height:22px;min-width:22px}.e-con-inner>.elementor-widget-spacer.elementor-widget-empty .elementor-widget-empty-icon,.e-con>.elementor-widget-spacer.elementor-widget-empty .elementor-widget-empty-icon{position:absolute;top:0;bottom:0;left:0;right:0;margin:auto;padding:0;width:22px;height:22px}<\/style>\t\t<div class=\"elementor-spacer\">\n\t\t\t<div class=\"elementor-spacer-inner\"><\/div>\n\t\t<\/div>\n\t\t\t\t<\/div>\n\t\t\t\t<\/div>\n\t\t\t\t<div class=\"elementor-element elementor-element-728714f elementor-invisible elementor-widget elementor-widget-heading\" data-id=\"728714f\" data-element_type=\"widget\" data-settings=\"{&quot;_animation&quot;:&quot;slideInLeft&quot;}\" data-widget_type=\"heading.default\">\n\t\t\t\t<div class=\"elementor-widget-container\">\n\t\t\t<style>\/*! elementor - v3.23.0 - 05-08-2024 *\/\n.elementor-heading-title{padding:0;margin:0;line-height:1}.elementor-widget-heading .elementor-heading-title[class*=elementor-size-]>a{color:inherit;font-size:inherit;line-height:inherit}.elementor-widget-heading .elementor-heading-title.elementor-size-small{font-size:15px}.elementor-widget-heading .elementor-heading-title.elementor-size-medium{font-size:19px}.elementor-widget-heading .elementor-heading-title.elementor-size-large{font-size:29px}.elementor-widget-heading .elementor-heading-title.elementor-size-xl{font-size:39px}.elementor-widget-heading .elementor-heading-title.elementor-size-xxl{font-size:59px}<\/style><h2 class=\"elementor-heading-title elementor-size-default\">H\u00e5ndverk &amp; Vedlikehold<\/h2>\t\t<\/div>\n\t\t\t\t<\/div>\n\t\t\t\t<div class=\"elementor-element elementor-element-fc23613 elementor-invisible elementor-widget elementor-widget-heading\" data-id=\"fc23613\" data-element_type=\"widget\" data-settings=\"{&quot;_animation&quot;:&quot;slideInRight&quot;}\" data-widget_type=\"heading.default\">\n\t\t\t\t<div class=\"elementor-widget-container\">\n\t\t\t<h2 class=\"elementor-heading-title elementor-size-default\">-Ingen oppdrag er for sm\u00e5 <\/h2>\t\t<\/div>\n\t\t\t\t<\/div>\n\t\t\t\t<div class=\"elementor-element elementor-element-e21904a elementor-widget elementor-widget-spacer\" data-id=\"e21904a\" data-element_type=\"widget\" data-widget_type=\"spacer.default\">\n\t\t\t\t<div class=\"elementor-widget-container\">\n\t\t\t\t\t<div class=\"elementor-spacer\">\n\t\t\t<div class=\"elementor-spacer-inner\"><\/div>\n\t\t<\/div>\n\t\t\t\t<\/div>\n\t\t\t\t<\/div>\n\t\t\t\t<div class=\"elementor-element elementor-element-bbec12c elementor-align-center elementor-invisible elementor-widget elementor-widget-button\" data-id=\"bbec12c\" data-element_type=\"widget\" data-settings=\"{&quot;_animation&quot;:&quot;slideInUp&quot;}\" data-widget_type=\"button.default\">\n\t\t\t\t<div class=\"elementor-widget-container\">\n\t\t\t\t\t<div class=\"elementor-button-wrapper\">\n\t\t\t<a class=\"elementor-button elementor-button-link elementor-size-xl\" href=\"tel:47905263\">\n\t\t\t\t\t\t<span class=\"elementor-button-content-wrapper\">\n\t\t\t\t\t\t<span class=\"elementor-button-icon\">\n\t\t\t\t<svg aria-hidden=\"true\" class=\"e-font-icon-svg e-fas-phone\" viewBox=\"0 0 512 512\" xmlns=\"http:\/\/www.w3.org\/2000\/svg\"><path d=\"M493.4 24.6l-104-24c-11.3-2.6-22.9 3.3-27.5 13.9l-48 112c-4.2 9.8-1.4 21.3 6.9 28l60.6 49.6c-36 76.7-98.9 140.5-177.2 177.2l-49.6-60.6c-6.8-8.3-18.2-11.1-28-6.9l-112 48C3.9 366.5-2 378.1.6 389.4l24 104C27.1 504.2 36.7 512 48 512c256.1 0 464-207.5 464-464 0-11.2-7.7-20.9-18.6-23.4z\"><\/path><\/svg>\t\t\t<\/span>\n\t\t\t\t\t\t\t\t\t<span class=\"elementor-button-text\">Ring oss<\/span>\n\t\t\t\t\t<\/span>\n\t\t\t\t\t<\/a>\n\t\t<\/div>\n\t\t\t\t<\/div>\n\t\t\t\t<\/div>\n\t\t\t\t<div class=\"elementor-element elementor-element-0105376 elementor-widget elementor-widget-spacer\" data-id=\"0105376\" data-element_type=\"widget\" data-widget_type=\"spacer.default\">\n\t\t\t\t<div class=\"elementor-widget-container\">\n\t\t\t\t\t<div class=\"elementor-spacer\">\n\t\t\t<div class=\"elementor-spacer-inner\"><\/div>\n\t\t<\/div>\n\t\t\t\t<\/div>\n\t\t\t\t<\/div>\n\t\t\t\t\t<\/div>\n\t\t\t\t<\/div>\n\t\t<div class=\"elementor-element elementor-element-2aa43fb e-flex e-con-boxed e-con e-parent\" data-id=\"2aa43fb\" data-element_type=\"container\" data-settings=\"{&quot;background_background&quot;:&quot;slideshow&quot;,&quot;background_slideshow_gallery&quot;:[{&quot;id&quot;:129,&quot;url&quot;:&quot;http:\\\/\\\/dev-hvvh.net\\\/wp-content\\\/uploads\\\/2023\\\/07\\\/trappeoppgang.webp&quot;},{&quot;id&quot;:877,&quot;url&quot;:&quot;http:\\\/\\\/dev-hvvh.net\\\/wp-content\\\/uploads\\\/2023\\\/07\\\/oppussingCUT3-1.png&quot;},{&quot;id&quot;:774,&quot;url&quot;:&quot;http:\\\/\\\/dev-hvvh.net\\\/wp-content\\\/uploads\\\/2023\\\/07\\\/358551921_152240424542053_5728817519009111116_n-1.jpg&quot;},{&quot;id&quot;:791,&quot;url&quot;:&quot;http:\\\/\\\/dev-hvvh.net\\\/wp-content\\\/uploads\\\/2023\\\/07\\\/358771071_233162342989436_8661703284548728211_n-1.jpg&quot;},{&quot;id&quot;:788,&quot;url&quot;:&quot;http:\\\/\\\/dev-hvvh.net\\\/wp-content\\\/uploads\\\/2023\\\/07\\\/358778974_798090171906804_2232199119351247428_n-2.jpg&quot;},{&quot;id&quot;:1220,&quot;url&quot;:&quot;http:\\\/\\\/dev-hvvh.net\\\/wp-content\\\/uploads\\\/2023\\\/07\\\/20230519_113014-scaled.jpg&quot;},{&quot;id&quot;:783,&quot;url&quot;:&quot;http:\\\/\\\/dev-hvvh.net\\\/wp-content\\\/uploads\\\/2023\\\/07\\\/358761156_2842606175875121_1489459763772148212_n-1.jpg&quot;},{&quot;id&quot;:1234,&quot;url&quot;:&quot;http:\\\/\\\/dev-hvvh.net\\\/wp-content\\\/uploads\\\/2023\\\/07\\\/received_1456858941745743.jpeg&quot;},{&quot;id&quot;:1138,&quot;url&quot;:&quot;http:\\\/\\\/dev-hvvh.net\\\/wp-content\\\/uploads\\\/2023\\\/07\\\/Before.jpeg&quot;},{&quot;id&quot;:1257,&quot;url&quot;:&quot;http:\\\/\\\/dev-hvvh.net\\\/wp-content\\\/uploads\\\/2023\\\/07\\\/received_662029525426088.jpeg&quot;},{&quot;id&quot;:1098,&quot;url&quot;:&quot;http:\\\/\\\/dev-hvvh.net\\\/wp-content\\\/uploads\\\/2023\\\/07\\\/received_962183031679533.jpeg&quot;},{&quot;id&quot;:1090,&quot;url&quot;:&quot;http:\\\/\\\/dev-hvvh.net\\\/wp-content\\\/uploads\\\/2023\\\/07\\\/20230705_091336-scaled.jpg&quot;},{&quot;id&quot;:371,&quot;url&quot;:&quot;http:\\\/\\\/dev-hvvh.net\\\/wp-content\\\/uploads\\\/2023\\\/07\\\/kjokkeninnstallasjon-1.jpg&quot;},{&quot;id&quot;:471,&quot;url&quot;:&quot;http:\\\/\\\/dev-hvvh.net\\\/wp-content\\\/uploads\\\/2023\\\/07\\\/358505762_1244539196428390_2456819066065389269_n.jpg&quot;},{&quot;id&quot;:477,&quot;url&quot;:&quot;http:\\\/\\\/dev-hvvh.net\\\/wp-content\\\/uploads\\\/2023\\\/07\\\/358124589_789946786157681_7090070386768188386_n.jpg&quot;},{&quot;id&quot;:481,&quot;url&quot;:&quot;http:\\\/\\\/dev-hvvh.net\\\/wp-content\\\/uploads\\\/2023\\\/07\\\/358915526_935596354162990_4804372038631182409_n.jpg&quot;},{&quot;id&quot;:489,&quot;url&quot;:&quot;http:\\\/\\\/dev-hvvh.net\\\/wp-content\\\/uploads\\\/2023\\\/07\\\/Malena-i-sving.jpg&quot;}],&quot;background_slideshow_loop&quot;:&quot;yes&quot;,&quot;background_slideshow_slide_duration&quot;:5000,&quot;background_slideshow_slide_transition&quot;:&quot;fade&quot;,&quot;background_slideshow_transition_duration&quot;:500}\">\n\t\t\t\t\t<div class=\"e-con-inner\">\n\t\t\t\t\t<\/div>\n\t\t\t\t<\/div>\n\t\t<div class=\"elementor-element elementor-element-61d7086 e-flex e-con-boxed e-con e-parent\" data-id=\"61d7086\" data-element_type=\"container\">\n\t\t\t\t\t<div class=\"e-con-inner\">\n\t\t\t\t<div class=\"elementor-element elementor-element-fe3a9a0 elementor-widget elementor-widget-spacer\" data-id=\"fe3a9a0\" data-element_type=\"widget\" data-widget_type=\"spacer.default\">\n\t\t\t\t<div class=\"elementor-widget-container\">\n\t\t\t\t\t<div class=\"elementor-spacer\">\n\t\t\t<div class=\"elementor-spacer-inner\"><\/div>\n\t\t<\/div>\n\t\t\t\t<\/div>\n\t\t\t\t<\/div>\n\t\t\t\t<div class=\"elementor-element elementor-element-fb52629 elementor-invisible elementor-widget elementor-widget-heading\" data-id=\"fb52629\" data-element_type=\"widget\" data-settings=\"{&quot;_animation&quot;:&quot;fadeInDown&quot;}\" data-widget_type=\"heading.default\">\n\t\t\t\t<div class=\"elementor-widget-container\">\n\t\t\t<h2 class=\"elementor-heading-title elementor-size-default\">V\u00e5re tjenester<\/h2>\t\t<\/div>\n\t\t\t\t<\/div>\n\t\t\t\t\t<\/div>\n\t\t\t\t<\/div>\n\t\t<div class=\"elementor-element elementor-element-7fbe1df e-flex e-con-boxed e-con e-parent\" data-id=\"7fbe1df\" data-element_type=\"container\" data-settings=\"{&quot;background_background&quot;:&quot;classic&quot;}\">\n\t\t\t\t\t<div class=\"e-con-inner\">\n\t\t<div class=\"elementor-element elementor-element-b79b6cc e-con-full animated-slow e-flex elementor-invisible e-con e-child\" data-id=\"b79b6cc\" data-element_type=\"container\" data-settings=\"{&quot;animation&quot;:&quot;fadeInLeft&quot;}\">\n\t\t\t\t<div class=\"elementor-element elementor-element-3fb7df7 elementor-widget elementor-widget-image\" data-id=\"3fb7df7\" data-element_type=\"widget\" data-widget_type=\"image.default\">\n\t\t\t\t<div class=\"elementor-widget-container\">\n\t\t\t<style>\/*! elementor - v3.23.0 - 05-08-2024 *\/\n.elementor-widget-image{text-align:center}.elementor-widget-image a{display:inline-block}.elementor-widget-image a img[src$=\".svg\"]{width:48px}.elementor-widget-image img{vertical-align:middle;display:inline-block}<\/style>\t\t\t\t\t\t\t\t\t\t\t<a href=\"https:\/\/dev-hvvh.net\/index.php\/malerarbeid\/\">\n\t\t\t\t\t\t\t<img decoding=\"async\" width=\"150\" height=\"150\" src=\"https:\/\/dev-hvvh.net\/wp-content\/uploads\/2023\/07\/oppussingCUT-150x150.png\" class=\"attachment-thumbnail size-thumbnail wp-image-854\" alt=\"\" srcset=\"https:\/\/dev-hvvh.net\/wp-content\/uploads\/2023\/07\/oppussingCUT-150x150.png 150w, https:\/\/dev-hvvh.net\/wp-content\/uploads\/2023\/07\/oppussingCUT-600x600.png 600w\" sizes=\"(max-width: 150px) 100vw, 150px\" \/>\t\t\t\t\t\t\t\t<\/a>\n\t\t\t\t\t\t\t\t\t\t\t\t\t<\/div>\n\t\t\t\t<\/div>\n\t\t<a class=\"eael-wrapper-link-c2a926a --eael-wrapper-link-tag\" href=\"https:\/\/dev-hvvh.net\/index.php\/malerarbeid\/\"><\/a>\t\t<div data-eael-wrapper-link=\"eael-wrapper-link-c2a926a\" class=\"elementor-element elementor-element-c2a926a elementor-widget elementor-widget-text-editor\" data-id=\"c2a926a\" data-element_type=\"widget\" data-widget_type=\"text-editor.default\">\n\t\t\t\t<div class=\"elementor-widget-container\">\n\t\t\t<style>\/*! elementor - v3.23.0 - 05-08-2024 *\/\n.elementor-widget-text-editor.elementor-drop-cap-view-stacked .elementor-drop-cap{background-color:#69727d;color:#fff}.elementor-widget-text-editor.elementor-drop-cap-view-framed .elementor-drop-cap{color:#69727d;border:3px solid;background-color:transparent}.elementor-widget-text-editor:not(.elementor-drop-cap-view-default) .elementor-drop-cap{margin-top:8px}.elementor-widget-text-editor:not(.elementor-drop-cap-view-default) .elementor-drop-cap-letter{width:1em;height:1em}.elementor-widget-text-editor .elementor-drop-cap{float:left;text-align:center;line-height:1;font-size:50px}.elementor-widget-text-editor .elementor-drop-cap-letter{display:inline-block}<\/style>\t\t\t\t<h2><strong>Malearbeid<\/strong><\/h2>\t\t\t\t\t\t<\/div>\n\t\t\t\t<\/div>\n\t\t\t\t<\/div>\n\t\t<div class=\"elementor-element elementor-element-e9a53a9 e-con-full animated-slow e-flex elementor-invisible e-con e-child\" data-id=\"e9a53a9\" data-element_type=\"container\" data-settings=\"{&quot;animation&quot;:&quot;fadeInLeft&quot;}\">\n\t\t\t\t<div class=\"elementor-element elementor-element-f4b00ef elementor-widget elementor-widget-image\" data-id=\"f4b00ef\" data-element_type=\"widget\" data-widget_type=\"image.default\">\n\t\t\t\t<div class=\"elementor-widget-container\">\n\t\t\t\t\t\t\t\t\t\t\t\t\t\t<a href=\"https:\/\/dev-hvvh.net\/index.php\/elementor-side-366\/\">\n\t\t\t\t\t\t\t<img decoding=\"async\" width=\"150\" height=\"150\" src=\"https:\/\/dev-hvvh.net\/wp-content\/uploads\/2023\/07\/received_609877771266266-150x150.jpeg\" class=\"attachment-thumbnail size-thumbnail wp-image-1100\" alt=\"\" srcset=\"https:\/\/dev-hvvh.net\/wp-content\/uploads\/2023\/07\/received_609877771266266-150x150.jpeg 150w, https:\/\/dev-hvvh.net\/wp-content\/uploads\/2023\/07\/received_609877771266266-600x600.jpeg 600w\" sizes=\"(max-width: 150px) 100vw, 150px\" \/>\t\t\t\t\t\t\t\t<\/a>\n\t\t\t\t\t\t\t\t\t\t\t\t\t<\/div>\n\t\t\t\t<\/div>\n\t\t<a class=\"eael-wrapper-link-31efe29 --eael-wrapper-link-tag\" href=\"https:\/\/dev-hvvh.net\/index.php\/elementor-side-366\/\"><\/a>\t\t<div data-eael-wrapper-link=\"eael-wrapper-link-31efe29\" class=\"elementor-element elementor-element-31efe29 elementor-widget elementor-widget-text-editor\" data-id=\"31efe29\" data-element_type=\"widget\" data-widget_type=\"text-editor.default\">\n\t\t\t\t<div class=\"elementor-widget-container\">\n\t\t\t\t\t\t\t<h2><strong>Kj\u00f8kkenmontering<\/strong><\/h2>\t\t\t\t\t\t<\/div>\n\t\t\t\t<\/div>\n\t\t\t\t<\/div>\n\t\t<div class=\"elementor-element elementor-element-49dad8f e-con-full animated-slow e-flex elementor-invisible e-con e-child\" data-id=\"49dad8f\" data-element_type=\"container\" data-settings=\"{&quot;animation&quot;:&quot;fadeInLeft&quot;}\">\n\t\t\t\t<div class=\"elementor-element elementor-element-ec25ce6 elementor-widget elementor-widget-image\" data-id=\"ec25ce6\" data-element_type=\"widget\" data-widget_type=\"image.default\">\n\t\t\t\t<div class=\"elementor-widget-container\">\n\t\t\t\t\t\t\t\t\t\t\t\t\t\t<a href=\"https:\/\/dev-hvvh.net\/index.php\/elementor-side-378\/\">\n\t\t\t\t\t\t\t<img decoding=\"async\" width=\"150\" height=\"150\" src=\"https:\/\/dev-hvvh.net\/wp-content\/uploads\/2023\/07\/Gulv-150x150.webp\" class=\"attachment-thumbnail size-thumbnail wp-image-96\" alt=\"\" srcset=\"https:\/\/dev-hvvh.net\/wp-content\/uploads\/2023\/07\/Gulv-150x150.webp 150w, https:\/\/dev-hvvh.net\/wp-content\/uploads\/2023\/07\/Gulv-600x600.webp 600w\" sizes=\"(max-width: 150px) 100vw, 150px\" \/>\t\t\t\t\t\t\t\t<\/a>\n\t\t\t\t\t\t\t\t\t\t\t\t\t<\/div>\n\t\t\t\t<\/div>\n\t\t<a class=\"eael-wrapper-link-2284e9a --eael-wrapper-link-tag\" href=\"https:\/\/dev-hvvh.net\/index.php\/elementor-side-378\/\"><\/a>\t\t<div data-eael-wrapper-link=\"eael-wrapper-link-2284e9a\" class=\"elementor-element elementor-element-2284e9a elementor-widget elementor-widget-text-editor\" data-id=\"2284e9a\" data-element_type=\"widget\" data-widget_type=\"text-editor.default\">\n\t\t\t\t<div class=\"elementor-widget-container\">\n\t\t\t\t\t\t\t<h2><strong><span class=\"wnd-font-size-190\">Gulvlegging<\/span><\/strong><\/h2>\t\t\t\t\t\t<\/div>\n\t\t\t\t<\/div>\n\t\t\t\t<\/div>\n\t\t<div class=\"elementor-element elementor-element-6598313 e-con-full animated-slow e-flex elementor-invisible e-con e-child\" data-id=\"6598313\" data-element_type=\"container\" data-settings=\"{&quot;animation&quot;:&quot;fadeInLeft&quot;}\">\n\t\t\t\t<div class=\"elementor-element elementor-element-7447935 elementor-widget elementor-widget-image\" data-id=\"7447935\" data-element_type=\"widget\" data-settings=\"{&quot;_animation&quot;:&quot;none&quot;}\" data-widget_type=\"image.default\">\n\t\t\t\t<div class=\"elementor-widget-container\">\n\t\t\t\t\t\t\t\t\t\t\t\t\t\t<a href=\"https:\/\/dev-hvvh.net\/index.php\/stillas-utleie\/\">\n\t\t\t\t\t\t\t<img loading=\"lazy\" decoding=\"async\" width=\"150\" height=\"150\" src=\"https:\/\/dev-hvvh.net\/wp-content\/uploads\/2023\/07\/Stillas-150x150.jpg\" class=\"attachment-thumbnail size-thumbnail wp-image-991\" alt=\"\" srcset=\"https:\/\/dev-hvvh.net\/wp-content\/uploads\/2023\/07\/Stillas-150x150.jpg 150w, https:\/\/dev-hvvh.net\/wp-content\/uploads\/2023\/07\/Stillas-600x600.jpg 600w\" sizes=\"(max-width: 150px) 100vw, 150px\" \/>\t\t\t\t\t\t\t\t<\/a>\n\t\t\t\t\t\t\t\t\t\t\t\t\t<\/div>\n\t\t\t\t<\/div>\n\t\t<a class=\"eael-wrapper-link-4f16c9e --eael-wrapper-link-tag\" href=\"https:\/\/dev-hvvh.net\/index.php\/elementor-side-407\/\"><\/a>\t\t<div data-eael-wrapper-link=\"eael-wrapper-link-4f16c9e\" class=\"elementor-element elementor-element-4f16c9e elementor-widget elementor-widget-text-editor\" data-id=\"4f16c9e\" data-element_type=\"widget\" data-widget_type=\"text-editor.default\">\n\t\t\t\t<div class=\"elementor-widget-container\">\n\t\t\t\t\t\t\t<h2><a href=\"https:\/\/dev-hvvh.net\/index.php\/stillas-utleie\/\"><strong>Stillas-utleie\u00a0\u00a0<\/strong><\/a><\/h2>\t\t\t\t\t\t<\/div>\n\t\t\t\t<\/div>\n\t\t\t\t<\/div>\n\t\t<div class=\"elementor-element elementor-element-cb54a72 e-con-full animated-slow e-flex elementor-invisible e-con e-child\" data-id=\"cb54a72\" data-element_type=\"container\" data-settings=\"{&quot;animation&quot;:&quot;fadeInLeft&quot;}\">\n\t\t\t\t<div class=\"elementor-element elementor-element-e1a75c6 elementor-widget elementor-widget-image\" data-id=\"e1a75c6\" data-element_type=\"widget\" data-settings=\"{&quot;_animation&quot;:&quot;none&quot;}\" data-widget_type=\"image.default\">\n\t\t\t\t<div class=\"elementor-widget-container\">\n\t\t\t\t\t\t\t\t\t\t\t\t\t\t<a href=\"https:\/\/dev-hvvh.net\/index.php\/elementor-side-407\/\">\n\t\t\t\t\t\t\t<img loading=\"lazy\" decoding=\"async\" width=\"150\" height=\"93\" src=\"https:\/\/dev-hvvh.net\/wp-content\/uploads\/2023\/07\/358773520_2593679747448176_3198323602984963872_n-1.jpg\" class=\"attachment-thumbnail size-thumbnail wp-image-775\" alt=\"\" \/>\t\t\t\t\t\t\t\t<\/a>\n\t\t\t\t\t\t\t\t\t\t\t\t\t<\/div>\n\t\t\t\t<\/div>\n\t\t<a class=\"eael-wrapper-link-dd239be --eael-wrapper-link-tag\" href=\"https:\/\/dev-hvvh.net\/index.php\/elementor-side-407\/\"><\/a>\t\t<div data-eael-wrapper-link=\"eael-wrapper-link-dd239be\" class=\"elementor-element elementor-element-dd239be elementor-widget elementor-widget-text-editor\" data-id=\"dd239be\" data-element_type=\"widget\" data-widget_type=\"text-editor.default\">\n\t\t\t\t<div class=\"elementor-widget-container\">\n\t\t\t\t\t\t\t<h2><strong>Vaktmestertjenester\u00a0\u00a0<\/strong><\/h2>\t\t\t\t\t\t<\/div>\n\t\t\t\t<\/div>\n\t\t\t\t<\/div>\n\t\t\t\t\t<\/div>\n\t\t\t\t<\/div>\n\t\t<div class=\"elementor-element elementor-element-d39810a e-flex e-con-boxed e-con e-parent\" data-id=\"d39810a\" data-element_type=\"container\">\n\t\t\t\t\t<div class=\"e-con-inner\">\n\t\t\t\t<div class=\"elementor-element elementor-element-ba1ca41 elementor-invisible elementor-widget elementor-widget-heading\" data-id=\"ba1ca41\" data-element_type=\"widget\" data-settings=\"{&quot;_animation&quot;:&quot;fadeInDown&quot;}\" data-widget_type=\"heading.default\">\n\t\t\t\t<div class=\"elementor-widget-container\">\n\t\t\t<h2 class=\"elementor-heading-title elementor-size-default\">Kundeomtaler<\/h2>\t\t<\/div>\n\t\t\t\t<\/div>\n\t\t\t\t\t<\/div>\n\t\t\t\t<\/div>\n\t\t<div class=\"elementor-element elementor-element-d562e5a e-flex e-con-boxed e-con e-parent\" data-id=\"d562e5a\" data-element_type=\"container\">\n\t\t\t\t\t<div class=\"e-con-inner\">\n\t\t\t\t<div class=\"elementor-element elementor-element-fdb0d1f elementor-widget elementor-widget-eael-testimonial\" data-id=\"fdb0d1f\" data-element_type=\"widget\" data-widget_type=\"eael-testimonial.default\">\n\t\t\t\t<div class=\"elementor-widget-container\">\n\t\t\t\n\t<div id=\"eael-testimonial-fdb0d1f\" class=\"eael-testimonial-item clearfix testimonial-avatar-rounded default-style rating-five\">\n\t\t\t\t\n\t\t\n\t\t\t\t\t\t\t\t<div class=\"eael-testimonial-image\">\n\t\t\t\t\t\t\t\t\t<figure><img loading=\"lazy\" width=\"150\" height=\"150\" src=\"https:\/\/dev-hvvh.net\/wp-content\/uploads\/2023\/07\/Ole-150x150.jpg\" class=\"attachment-thumbnail size-thumbnail wp-image-957\" alt=\"\" decoding=\"async\" srcset=\"https:\/\/dev-hvvh.net\/wp-content\/uploads\/2023\/07\/Ole-150x150.jpg 150w, https:\/\/dev-hvvh.net\/wp-content\/uploads\/2023\/07\/Ole.jpg 202w\" sizes=\"(max-width: 150px) 100vw, 150px\" \/><\/figure>\n\t\t\t\t\t\t\t<\/div>\n\t\t\t\t\t\t<div class=\"eael-testimonial-content\">\n\t\t\t\t<div class=\"eael-testimonial-text\"><p>Jeg har benyttet meg av firmaet ved flere anledninger og er like forn\u00f8yd hver gang. De har hjulpet meg \u00e5 male huset, legge gulv i kjelleren og n\u00e5 sist har de pusset ned og sparklet rommet til s\u00f8nnen min. Hyggelige, dyktige og yter god service.<\/p><\/div>\t\t<ul class=\"testimonial-star-rating\">\n\t\t\t<li><i class=\"fas fa-star\" aria-hidden=\"true\"><\/i><\/li>\n\t\t\t<li><i class=\"fas fa-star\" aria-hidden=\"true\"><\/i><\/li>\n\t\t\t<li><i class=\"fas fa-star\" aria-hidden=\"true\"><\/i><\/li>\n\t\t\t<li><i class=\"fas fa-star\" aria-hidden=\"true\"><\/i><\/li>\n\t\t\t<li><i class=\"fas fa-star\" aria-hidden=\"true\"><\/i><\/li>\n\t\t<\/ul>\n\t\t<p class=\"eael-testimonial-user\">Ole Sundvold,<\/p><p class=\"eael-testimonial-user-company\">forn\u00f8yd kunde<\/p>\t\t\t<\/div>\n\t\t\n\t\t\n\t\t\n\t\t\n\t\t\n\t\t\n\t\t<span class=\"eael-testimonial-quote\"><\/span>\n\t<\/div>\n\n\t\t\t<\/div>\n\t\t\t\t<\/div>\n\t\t\t\t\t<\/div>\n\t\t\t\t<\/div>\n\t\t<div class=\"elementor-element elementor-element-432b065 e-flex e-con-boxed e-con e-parent\" data-id=\"432b065\" data-element_type=\"container\">\n\t\t\t\t\t<div class=\"e-con-inner\">\n\t\t\t\t<div class=\"elementor-element elementor-element-9799fd5 elementor-widget elementor-widget-site_reviews\" data-id=\"9799fd5\" data-element_type=\"widget\" data-widget_type=\"site_reviews.default\">\n\t\t\t\t<div class=\"elementor-widget-container\">\n\t\t\t<div class=\"glsr glsr-default\" id=\"glsr_f7091789\" data-from='elementor' data-shortcode='site_reviews' data-display='10'><div class=\"glsr-reviews-wrap\">\n    <div class=\"glsr-reviews\">\n        <div class=\"glsr-review\" data-type=\"local\" id=\"review-955\" data-assigned='{\"assigned_posts\":[25]}'>\n    <div class=\"glsr-review-title\"><h4 class=\"glsr-tag-value\">Anbefales<\/h4><\/div>\n    <div class=\"glsr-review-rating\"><div class=\"glsr-star-rating glsr-stars\" data-rating=\"5\" data-reviews=\"0\">\n    <span class=\"screen-reader-text\">Rated 5 out of 5<\/span>\n    <span class=\"glsr-star glsr-star-full\" aria-hidden=\"true\"><\/span><span class=\"glsr-star glsr-star-full\" aria-hidden=\"true\"><\/span><span class=\"glsr-star glsr-star-full\" aria-hidden=\"true\"><\/span><span class=\"glsr-star glsr-star-full\" aria-hidden=\"true\"><\/span><span class=\"glsr-star glsr-star-full\" aria-hidden=\"true\"><\/span>\n<\/div><\/div> <div class=\"glsr-review-date\"><span class=\"glsr-tag-value\">12. juli 2023<\/span><\/div>\n    \n    <div class=\"glsr-review-content\"><div class=\"glsr-tag-value\" data-expanded='false'><p>Jeg har benyttet meg av firmaet ved flere anledninger og er like forn\u00f8yd hver gang. De har hjulpet meg \u00e5 male huset, legge gulv i kjelleren og n\u00e5 sist har de pusset ned og sparklet rommet til s\u00f8nnen min. Hyggelige, dyktige og yter god service.<\/p><\/div><\/div>\n     <div class=\"glsr-review-author\"><span class=\"glsr-tag-value\">Ole<\/span><\/div> \n    \n<\/div>\n    <\/div>\n    \n<\/div><\/div>\t\t<\/div>\n\t\t\t\t<\/div>\n\t\t\t\t\t<\/div>\n\t\t\t\t<\/div>\n\t\t\t\t<\/div>\n\t\t","protected":false},"excerpt":{"rendered":"<p>H\u00e5ndverk &amp; Vedlikehold -Ingen oppdrag er for sm\u00e5 Ring oss V\u00e5re tjenester Malearbeid Kj\u00f8kkenmontering Gulvlegging Stillas-utleie\u00a0\u00a0 Vaktmestertjenester\u00a0\u00a0 Kundeomtaler Jeg har benyttet meg av firmaet ved flere anledninger og er like forn\u00f8yd hver gang. De har hjulpet meg \u00e5 male huset, legge gulv i kjelleren og n\u00e5 sist har de pusset ned og sparklet rommet til [&hellip;]<\/p>\n","protected":false},"author":1,"featured_media":0,"parent":0,"menu_order":0,"comment_status":"closed","ping_status":"closed","template":"elementor_header_footer","meta":{"_glsr_average":5,"_glsr_ranking":3.6363636363636,"_glsr_reviews":1},"_links":{"self":[{"href":"https:\/\/dev-hvvh.net\/index.php\/wp-json\/wp\/v2\/pages\/25"}],"collection":[{"href":"https:\/\/dev-hvvh.net\/index.php\/wp-json\/wp\/v2\/pages"}],"about":[{"href":"https:\/\/dev-hvvh.net\/index.php\/wp-json\/wp\/v2\/types\/page"}],"author":[{"embeddable":true,"href":"https:\/\/dev-hvvh.net\/index.php\/wp-json\/wp\/v2\/users\/1"}],"replies":[{"embeddable":true,"href":"https:\/\/dev-hvvh.net\/index.php\/wp-json\/wp\/v2\/comments?post=25"}],"version-history":[{"count":341,"href":"https:\/\/dev-hvvh.net\/index.php\/wp-json\/wp\/v2\/pages\/25\/revisions"}],"predecessor-version":[{"id":1319,"href":"https:\/\/dev-hvvh.net\/index.php\/wp-json\/wp\/v2\/pages\/25\/revisions\/1319"}],"wp:attachment":[{"href":"https:\/\/dev-hvvh.net\/index.php\/wp-json\/wp\/v2\/media?parent=25"}],"curies":[{"name":"wp","href":"https:\/\/api.w.org\/{rel}","templated":true}]}}